-2324)/(-7) is divided by 30.
23
Let v(b) = 10 - 33*b + 2*b**3 + 34*b + 0*b**3 + 16*b**2. Suppose -113 - 11 = -5*r - 3*g, -56 = -2*r + 2*g. Calculate the remainder when v(-7) is divided by r.
23
Suppose x + 0 = -18. Calculate the remainder when (-818)/(-10) - x/90 is divided by 21.
19
Suppose 66*i - 232 = -4*r + 67*i, -4*r + 2*i = -236. What is the remainder when r is divided by (-1)/3 - 88/(-3)?
28
Let b(r) = -2*r - 9. Let t be b(-7). Let q = 166 + t. What is the remainder when q is divided by 43?
42
Let w(a) = -2*a**3 + 5*a**2 + 7*a - 1. What is the remainder when (-20)/(-4)*(-36)/(-10) is divided by w(3)?
7
What is the remainder when -5 - 8/(-24)*1497 is divided by 45?
44
Let k = 51 + -43. Calculate the remainder when ((-4)/1)/12*-87 is divided by k.
5
Let c be 68/(-7) - 8/28. Let d be (8/c)/((-2)/10). Suppose -p + 13 = -d. Calculate the remainder when p is divided by 5.
2
Let y be -118 + 2 - (4 - 2 - 2). Let u = y + 139. Suppose 0 = 4*j - 11 - 37. Calculate the remainder when u is divided by j.
11
Suppose 5*p - 74 = -l, 3*p = -4*l + 4*p + 233. Suppose -2*i = -i - d - l, -2*d = 3*i - 172. What is the remainder when i is divided by 16?
10
Suppose -6*n - 38 + 62 = 0. Suppose -5*d = 2*c - 133 - 23, -3*d + n*c + 78 = 0. Calculate the remainder when d is divided by 26.
4
Let p = -33 + 56. Let f = 460 + -371. What is the remainder when f is divided by p?
20
Let z(a) = 2*a**2 + 21*a + 13. Let p be z(-15). Suppose k = 3*k - p. Suppose g + 26 = i, -g - k = -5*i + 52. What is the remainder when 97 is divided by i?
22
Suppose 31*q = 28*q. Suppose -16 = 4*t, -y = -q*y + 4*t - 32. Calculate the remainder when y is divided by 25.
23
Suppose 104 = -u + 5*u. Suppose -u = -4*i + 5*y + 164, -52 = -i - y. What is the remainder when i is divided by 27?
23
Let y = -11 + 14. Suppose y*u = 37 - 97. Let w = 44 + u. Calculate the remainder when 68 is divided by w.
20
Let l(b) = 8*b - 45. Calculate the remainder when l(10) is divided by 24.
11
Let l be (-6)/(-9)*(-102)/(-4). Suppose -4*q = 3*y - 32, 2*y - l - 11 = -4*q. Calculate the remainder when q is divided by 2/4*0 - -2.
1
Suppose -3*x = 5*w - 20, -52 = -4*x + 3*w - 6. Calculate the remainder when 30 + -3 + 0/(-3) is divided by x.
7
Suppose 6 = t - 0*t. Let x be (t/6)/((-3)/21). What is the remainder when (-381)/x + (-8)/(-14) is divided by 19?
17
Suppose 0 = -5*z + c - 4*c - 15, 5*z + 5 = -c. Suppose -6*i + 6 + 12 = z. Calculate the remainder when 10 is divided by i.
1
Suppose -3*n - 188 = -7*n. Suppose -5*p - n + 77 = 0. What is the remainder when 34 is divided by p?
4
Let g(h) be the first derivative of h**3/3 - h**2/2 - 13*h + 14. What is the remainder when g(8) is divided by 9?
7
Let m(v) = -8*v - 2. What is the remainder when m(-9) is divided by 11?
4
Let t(v) = -109*v - 198. What is the remainder when 56 is divided by t(-2)?
16
Let n(p) = -p**3 + 9*p**2 - 8*p + 12. Calculate the remainder when 536 is divided by n(4).
56
Suppose -44 = -o + 45. What is the remainder when o is divided by 18?
17
Let w(m) = m**3 - 2*m**2 + 2*m + 1. Let i = 21 - 19. Let a = 1 + i. What is the remainder when w(a) is divided by 6?
4
Let w(j) = 37*j - 131. What is the remainder when 36 is divided by w(4)?
2
Let o be 8/12 - (-8)/6. Let n(w) = 2*w**2 + 6*w + 4. Let t be n(-5). Let g = t + o. Calculate the remainder when 77 is divided by g.
25
Let k(b) = 91*b - 3. Let i be ((1*-8)/2)/(-4). Calculate the remainder when k(i) is divided by 18.
16
Suppose -17*y + 1209 = 14*y. Calculate the remainder when 182 is divided by y.
26
Suppose 0 = -5*z + 2*d - 7*d - 20, -2*d + 8 = 0. Let o = -4 - z. Let k = 8 - o. Calculate the remainder when 9 is divided by k.
1
Let u(o) = 4*o**3 + 82*o**2 + 40*o - 38. What is the remainder when u(-18) is divided by 6?
4
What is the remainder when 175 is divided by 30/4*(-13 - -15)?
10
Let c(s) = s**3 - 12*s**2 - 15*s + 31. Let k be c(13). Suppose -k*g - 8 = -3*j + 7, 5 = 2*j - 5*g. Calculate the remainder when j is divided by 4.
2
Let p(s) = -s**2 - 19*s + 2. Let r be p(-19). Suppose -r*i + 47 = -31. What is the remainder when i is divided by 14?
11
Let o = 1309 - 726. Calculate the remainder when o is divided by 39.
37
Let u(s) = -s**3 - 48*s**2 + 50*s + 73. Calculate the remainder when u(-49) is divided by 9.
6
Let n = 31 + -3. Let t = -21 + n. What is the remainder when 16 is divided by t?
2
Let y be (-4)/(-2) - (0 + -3). Suppose 2*u = 4*t - 5*t + 12, 4*u - 6 = -t. What is the remainder when y*(t/2)/3 is divided by 8?
7
Let o be -2*(-1)/(-4)*2. Let k = 25 - 6. Calculate the remainder when o + 38 + 0 - 0 is divided by k.
18
Calculate the remainder when ((-2829)/246)/((-1)/4) is divided by 6.
4
Let r = -42 + 61. Calculate the remainder when 265 is divided by r.
18
Let c = 800 + -652. Calculate the remainder when 157 is divided by c.
9
Let k = 21 + -17. Suppose 2*f - k*x = -4, 2*f + 4*x - 30 = -10. Calculate the remainder when 3/(f*9/204) is divided by 6.
5
Suppose -74*x + 72*x - 4*r + 76 = 0, -86 = -3*x + r. What is the remainder when 177 is divided by x?
27
Let b = 11 + -10. Suppose -d + b = -2. Calculate the remainder when 47 is divided by (-658)/(-70) - d/(-5).
7
Suppose -3*k + 3*g = 19 - 91, -g + 96 = 5*k. Suppose 4*r = 3*r + k. Calculate the remainder when 33 is divided by 66/8 - (-15)/r.
6
What is the remainder when 36/(-270)*(4 + 1)*-357 is divided by 40?
38
Let b be (2 - 0/2) + 9 + 89. Let n = -68 + b. Suppose 5*k - 2*k = 33. Calculate the remainder when n is divided by k.
10
Suppose -6 = -4*h + 86. Let j = 32 - h. Suppose 32 = -2*o + 4*o. Calculate the remainder when o is divided by j.
7
Let n = -111 - -63. Let l = n - -83. Suppose 0 = 3*s - 22 - l. What is the remainder when s is divided by 10?
9
Let z(r) = r + 2. Let b be z(0). Suppose 2*o + 208 = 2*a, 0*a + 188 = 2*a + b*o. What is the remainder when a is divided by 25?
24
What is the remainder when 12 is divided by (-2)/13 - (-5075)/455?
1
Suppose -6*k + 189 = k. Let n = 57 + k. Calculate the remainder when n is divided by 29.
26
Suppose 5*r = 5*d - 60, 48*d = 44*d + r + 57. Suppose -f = -2*f + 24. Calculate the remainder when f is divided by d.
9
Let v(a) = 6*a**2 + 3*a - 5. What is the remainder when 141 is divided by v(-2)?
11
Let p(i) = -2*i**3 + 15*i**2 - 21*i + 36. Suppose -54 = -4*r + 5*v + 251, 195 = 3*r + 3*v. Calculate the remainder when r is divided by p(6).
16
Let p(v) = -4*v + 12. Let l be p(7). Let q = -11 - l. Suppose -3*i - q*d + 154 = 0, -4*i - 2*d - 2*d = -208. What is the remainder when i is divided by 14?
11
Suppose 0 = -2*u + 5*m + 3490, 5*m = 24*u - 27*u + 5185. What is the remainder when u is divided by 22?
19
Let i(f) = 3*f**2 + f + 13. Suppose 4*c - 3*c - 49 = 0. Calculate the remainder when c is divided by i(0).
10
Suppose -3*q + 462 = 4*c - 562, -q = -4. What is the remainder when c is divided by (-408 - 10)/(-11) - (-3*6)/(-3)?
29
Calculate the remainder when (-22)/(-165) + (-3566)/(-30) is divided by 42.
35
Suppose 0 = 5*f - 7 + 37. Let r(z) = -z**3 - 3*z**2 - z - 19. What is the remainder when r(f) is divided by 24?
23
Let v(a) = 7*a + 3. Let f be v(16). Let g = 134 - f. Calculate the remainder when g is divided by 12.
7
Suppose -120*s = -121*s - 51. What is the remainder when (1 - s)*(-7)/(-4) is divided by 23?
22
Suppose -6*q = -2*q - 136. Calculate the remainder when q is divided by (-2)/(-1)*28/8.
6
Let g(y) = y**2 - 10*y + 12. Let k(q) be the second derivative of q**4/12 + 5*q**3/3 - 5*q**2/2 + q. Calculate the remainder when k(-11) is divided by g(9).
0
Suppose -2*x - 5*l = -115, x - l = 2*x - 53. Let a be 474/9 - 4/6. Suppose -a = 2*j - 6*j. Calculate the remainder when x is divided by j.
11
Suppose 8*h = -0*h + 712. Suppose h = -3*p + 299. What is the remainder when p is divided by 18?
16
Suppose 0 = -6*q - 49 + 1. Let o(j) = -j**2 - 14*j - 25. What is the remainder when o(q) is divided by 14?
9
Suppose c - 9*s = -6*s + 27, c + 2*s - 27 = 0. Calculate the remainder when 1/((-10)/4) - 23403/(-145) is divided by c.
26
Let n(d) = -d**2 - 39*d + 7. Calculate the remainder when 43 is divided by n(-39).
1
Suppose 257 = 3*u + o + 74, 4*u - o = 244. Suppose -4*h = 13 - u. Suppose n = -4*n + 230. Calculate the remainder when n is divided by h.
10
Suppose c = 4*b + 6, 4*b = 57*c - 61*c + 104. Calculate the remain